mon divisor of 66 and 270.
6
Calculate the greatest common factor of 34 and 23018.
34
Calculate the greatest common divisor of 1029 and 54.
3
Calculate the highest common divisor of 2821 and 13.
13
What is the highest common divisor of 434 and 806?
62
What is the greatest common divisor of 13 and 7826?
13
What is the greatest common factor of 118 and 118?
118
What is the highest common divisor of 16 and 392?
8
Calculate the highest common divisor of 32 and 32.
32
Calculate the greatest common divisor of 10 and 400.
10
Calculate the greatest common factor of 156 and 507.
39
Calculate the greatest common divisor of 1344 and 294.
42
What is the greatest common factor of 20 and 140?
20
What is the highest common factor of 57 and 1216?
19
What is the highest common factor of 329 and 1175?
47
Calculate the greatest common divisor of 1376 and 128.
32
Calculate the greatest common divisor of 48 and 1208.
8
What is the greatest common divisor of 13621 and 212?
53
What is the greatest common divisor of 2652 and 2040?
204
What is the greatest common factor of 20675 and 75?
25
What is the greatest common divisor of 16 and 280?
8
Calculate the highest common divisor of 115 and 25.
5
Calculate the greatest common divisor of 391 and 1717.
17
Calculate the highest common divisor of 76 and 4.
4
What is the greatest common divisor of 1305 and 45?
45
What is the greatest common factor of 6 and 6?
6
Calculate the greatest common factor of 4112 and 1285.
257
What is the greatest common factor of 5 and 845?
5
What is the greatest common factor of 95 and 19?
19
Calculate the highest common divisor of 176 and 264.
88
What is the highest common factor of 18 and 1548?
18
Calculate the highest common divisor of 196 and 49.
49
Calculate the highest common factor of 93 and 69.
3
Calculate the highest common factor of 150 and 282.
6
Calculate the highest common divisor of 750 and 45.
15
What is the greatest common factor of 20 and 52?
4
Calculate the highest common factor of 15 and 39.
3
What is the highest common divisor of 32 and 52?
4
What is the greatest common divisor of 228 and 1197?
57
Calculate the highest common divisor of 6958 and 294.
98
What is the highest common divisor of 21016 and 592?
296
What is the highest common divisor of 20616 and 24?
24
Calculate the highest common divisor of 544 and 6.
2
What is the highest common divisor of 152 and 8?
8
What is the greatest common divisor of 63 and 126?
63
What is the greatest common divisor of 285 and 75?
15
What is the highest common factor of 144 and 17892?
36
Calculate the highest common factor of 24 and 828.
12
Calculate the highest common factor of 495 and 4851.
99
Calculate the highest common divisor of 4224 and 1122.
66
What is the greatest common factor of 12 and 1248?
12
What is the greatest common factor of 2992 and 33?
11
What is the greatest common factor of 391 and 1127?
23
Calculate the highest common factor of 4 and 116.
4
Calculate the greatest common factor of 1320 and 120.
120
Calculate the highest common factor of 495 and 1045.
55
What is the highest common factor of 2 and 162?
2
Calculate the highest common factor of 208 and 728.
104
Calculate the highest common divisor of 505 and 1616.
101
Calculate the highest common divisor of 6559 and 14.
7
Calculate the greatest common factor of 1386 and 2002.
154
What is the highest common divisor of 60 and 21?
3
Calculate the greatest common divisor of 539 and 49.
49
What is the greatest common factor of 1047 and 3?
3
What is the greatest common factor of 336 and 189?
21
What is the greatest common factor of 1501 and 323?
19
Calculate the greatest common divisor of 11 and 11.
11
What is the highest common factor of 14 and 1106?
14
Calculate the highest common divisor of 1407 and 21.
21
What is the highest common divisor of 963 and 27?
9
What is the greatest common factor of 434 and 14?
14
Calculate the highest common divisor of 2143 and 4.
1
What is the highest common factor of 27 and 22374?
9
Calculate the greatest common factor of 28 and 63.
7
What is the highest common divisor of 45 and 81?
9
Calculate the highest common factor of 1976 and 38.
38
What is the greatest common divisor of 8371 and 11?
11
Calculate the greatest common factor of 608 and 32.
32
Calculate the greatest common factor of 66 and 286.
22
Calculate the highest common factor of 1487 and 3.
1
What is the greatest common divisor of 90 and 120?
30
What is the highest common factor of 5 and 95?
5
Calculate the highest common factor of 212 and 37736.
212
What is the greatest common divisor of 81 and 3204?
9
Calculate the highest common divisor of 480 and 300.
60
Calculate the greatest common divisor of 1350 and 1200.
150
Calculate the highest common divisor of 23587 and 103.
103
Calculate the greatest common factor of 1070 and 50.
10
What is the highest common divisor of 228 and 380?
76
Calculate the greatest common divisor of 6 and 516.
6
Calculate the highest common factor of 81 and 675.
27
What is the greatest common factor of 8 and 13464?
8
Calculate the greatest common factor of 92 and 460.
92
What is the highest common factor of 24 and 1352?
8
What is the highest common divisor of 3 and 16?
1
Calculate the greatest common factor of 79128 and 112.
56
Calculate the highest common factor of 41 and 17.
1
What is the highest common divisor of 218 and 14?
2
What is the highest common factor of 33 and 33?
33
What is the greatest common divisor of 171 and 27?
9
What is the highest common factor of 376 and 32?
8
Calculate the highest common divisor of 60 and 390.
30
What is the greatest common divisor of 9256 and 156?
52
Calculate the highest common factor of 476 and 1988.
28
Calculate the greatest common factor of 132 and 99.
33
What is the highest common divisor of 136 and 51?
17
Calculate the greatest common divisor of 576 and 32.
32
What is the highest common divisor of 14 and 742?
14
Calculate the greatest common divisor of 27326 and 26.
26
Calculate the highest common divisor of 12 and 128.
4
What is the highest common divisor of 266 and 114?
38
Calculate the greatest common divisor of 714 and 4794.
102
What is the highest common divisor of 568 and 56?
8
What is the highest common factor of 3869 and 73?
73
What is the highest common divisor of 4995 and 222?
111
What is the highest common factor of 42 and 34104?
42
What is the highest common factor of 5 and 115?
5
What is the greatest common divisor of 294 and 6?
6
Calculate the greatest common factor of 63 and 1149.
3
Calculate the highest common factor of 57 and 4617.
57
Calculate the highest common divisor of 17700 and 400.
100
What is the highest common factor of 11 and 3223?
11
What is the greatest common factor of 28 and 350?
14
Calculate the highest common divisor of 81 and 648.
81
Calculate the greatest common divisor of 3 and 849.
3
What is the highest common factor of 5096 and 280?
56
Calculate the highest common divisor of 3598 and 14.
14
What is the highest common factor of 784 and 14?
14
What is the highest common factor of 171 and 9?
9
What is the greatest common factor of 78 and 6?
6
What is the highest common factor of 140 and 112?
28
What is the greatest common divisor of 494 and 26?
26
What is the highest common divisor of 5658 and 138?
138
What is the greatest common divisor of 1323 and 98?
49
What is the greatest common factor of 650 and 26?
26
Calculate the greatest common divisor of 13 and 8983.
13
What is the greatest common factor of 380 and 130?
10
What is the greatest common factor of 50 and 80?
10
What is the highest common factor of 12 and 28?
4
What is the highest common factor of 26 and 6?
2
What is the highest common divisor of 21 and 21?
21
Calculate the highest common factor of 184 and 4232.
184
What is the greatest common divisor of 54 and 37449?
27
Calculate the highest common factor of 306 and 731.
17
What is the greatest common divisor of 8319 and 282?
141
Calculate the highest common factor of 1110 and 30.
30
Calculate the highest common divisor of 1 and 8.
1
Calculate the greatest common factor of 3549 and 105.
21
What is the greatest common factor of 102 and 2724?
6
Calculate the highest common factor of 1875 and 1200.
75
What is the greatest common factor of 223 and 2?
1
Calculate the highes